rue
Is 791 prime?
False
Is 74887 composite?
False
Is 191 composite?
False
Is 383753 composite?
False
Is 314983 a prime number?
True
Is 2045647 a prime number?
True
Is 171007 prime?
True
Is 2627 composite?
True
Is 19367 a composite number?
True
Is 879 prime?
False
Is 152249 prime?
True
Is 58873 a prime number?
False
Is 233021 a composite number?
False
Is 743 prime?
True
Is 17647 a prime number?
False
Is 11182 composite?
True
Is 12263 composite?
False
Is 206065 a prime number?
False
Is 4535 a prime number?
False
Is 24239 a prime number?
True
Is 37337 prime?
True
Is 41519 a prime number?
True
Is 211 prime?
True
Is 14809 a composite number?
True
Is 14426 composite?
True
Is 357269 a prime number?
False
Is 174599 a prime number?
True
Is 9091 composite?
False
Is 5478703 composite?
False
Is 331 composite?
False
Is 3817 composite?
True
Is 9901 composite?
False
Is 91473 prime?
False
Is 2017 prime?
True
Is 55967 a prime number?
True
Is 2430721 a composite number?
False
Is 5113 a composite number?
False
Is 442439 a prime number?
True
Is 584401 composite?
True
Is 739274 a composite number?
True
Is 2719 composite?
False
Is 138959 a composite number?
False
Is 15619 a prime number?
True
Is 5147 composite?
False
Is 2531 composite?
False
Is 116027 composite?
False
Is 10334 a composite number?
True
Is 767111 prime?
True
Is 65327 composite?
False
Is 7311 a composite number?
True
Is 18701 composite?
False
Is 57887 prime?
False
Is 2360797 a prime number?
True
Is 5189 a prime number?
True
Is 385061 prime?
False
Is 2841941 a prime number?
False
Is 8111 composite?
False
Is 10717 a prime number?
False
Is 8483 a prime number?
False
Is 352491 prime?
False
Is 581899 a composite number?
True
Is 1163 a prime number?
True
Is 112831 a composite number?
False
Is 295937 composite?
False
Is 72211 composite?
False
Is 25394 a composite number?
True
Is 69429 a composite number?
True
Is 22421 prime?
False
Is 191527 composite?
True
Is 26801 a prime number?
True
Is 33643 prime?
False
Is 8191 prime?
True
Is 47973 a prime number?
False
Is 56281 a prime number?
False
Is 1001491 prime?
True
Is 459545 a prime number?
False
Is 165857 a prime number?
True
Is 181387 prime?
True
Is 3863 a composite number?
False
Is 603283 composite?
False
Is 12497 a prime number?
True
Is 157627 prime?
True
Is 27731 prime?
False
Is 1796783 a composite number?
True
Is 31469 prime?
True
Is 702743 prime?
True
Is 12605 a prime number?
False
Is 911 a composite number?
False
Is 183437 composite?
False
Is 30431 a prime number?
True
Is 126771 a composite number?
True
Is 1731 a prime number?
False
Is 54861 prime?
False
Is 8751 prime?
False
Is 53017 prime?
True
Is 1025683 a composite number?
True
Is 10883 a composite number?
False
Is 1313 composite?
True
Is 4271 prime?
True
Is 3433 a composite number?
False
Is 23642 composite?
True
Is 4547 composite?
False
Is 292273 a composite number?
True
Is 18593 a composite number?
False
Is 1092209 a prime number?
True
Is 2845 composite?
True
Is 1698101 prime?
True
Is 801715 a prime number?
False
Is 183297 composite?
True
Is 119549 a prime number?
True
Is 64951 prime?
True
Is 1144477 composite?
False
Is 1322383 composite?
True
Is 1097885 prime?
False
Is 29317 composite?
True
Is 8119 a prime number?
False
Is 12651 a prime number?
False
Is 74699 composite?
False
Is 12319 a prime number?
False
Is 56841 prime?
False
Is 932839 a composite number?
False
Is 1777 a prime number?
True
Is 8939 prime?
False
Is 919 a prime number?
True
Is 16322 a prime number?
False
Is 16663 a composite number?
True
Is 504683 composite?
False
Is 402691 a prime number?
True
Is 2249 a composite number?
True
Is 218873 composite?
False
Is 343507 prime?
False
Is 1047823 a composite number?
True
Is 33007 a prime number?
False
Is 85983 prime?
False
Is 8057 composite?
True
Is 9277 a prime number?
True
Is 63445 a composite number?
True
Is 6131 prime?
True
Is 2939 prime?
True
Is 97771 prime?
True
Is 115 a composite number?
True
Is 62 prime?
False
Is 17827 a composite number?
False
Is 546859 a prime number?
True
Is 24889 a prime number?
True
Is 32483 composite?
True
Is 82235 a composite number?
True
Is 3607 prime?
True
Is 28115 prime?
False
Is 662513 composite?
False
Is 8767 a prime number?
False
Is 1222057 a prime number?
True
Is 1889 prime?
True
Is 266579 a prime number?
False
Is 35089 prime?
True
Is 1397477 prime?
True
Is 3238 a prime number?
False
Is 369095 a composite number?
True
Is 14509 composite?
True
Is 23321 composite?
False
Is 650449 a prime number?
True
Is 15911 a composite number?
True
Is 5057 a composite number?
True
Is 3449 a prime number?
True
Is 72749 prime?
False
Is 13823 prime?
False
Is 75139 a composite number?
True
Is 35377 a prime number?
False
Is 892077 a composite number?
True
Is 3163841 composite?
False
Is 2696827 prime?
False
Is 803 a composite number?
True
Is 5167 prime?
True
Is 17609 prime?
True
Is 4237 a composite number?
True
Is 42907 composite?
True
Is 18509 composite?
True
Is 72241 a composite number?
True
Is 2579 a composite number?
False
Is 10181 a composite number?
False
Is 4985 a composite number?
True
Is 24653 a prime number?
False
Is 16537 composite?
True
Is 353317 prime?
True
Is 90635 composite?
True
Is 111355 a prime number?
False
Is 24593 a composite number?
False
Is 2149 prime?
False
Is 361141 composite?
True
Is 2459 prime?
True
Is 431831 prime?
True
Is 206657 prime?
False
Is 469 a prime number?
False
Is 1009 a composite number?
False
Is 4469 composite?
True
Is 537 composite?
True
Is 1192891 a prime number?
False
Is 491 composite?
False
Is 15991 a composite number?
False
Is 399145 prime?
False
Is 3499 a prime number?
True
Is 44629 composite?
True
Is 12589 a composite number?
False
Is 354533 a prime number?
True
Is 11261 prime?
True
Is 10969 prime?
False
Is 114157 composite?
False
Is 3011 a composite number?
False
Is 218591 prime?
True
Is 27407 prime?
True
Is 22405 composite?
True
Is 2544907 prime?
True
Is 9601 prime?
True
Is 11029 a prime number?
False
Is 328751 composite?
True
Is 1523549 composite?
True
Is 9871 a prime number?
True
Is 20245 a composite number?
True
Is 8779 a prime number?
True
Is 1501883 composite?
True
Is 81439 a prime number?
True
Is 3299 a prime number?
True
Is 4861 composite?
False
Is 225937 a composite number?
True
Is 24065 a prime number?
False
Is 234199 prime?
False
Is 351763 a composite number?
False
Is 2974 prime?
False
Is 177739 prime?
True
Is 11967 prime?
False
Is 72593 prime?
False
Is 256019 composite?
False
Is 12671 prime?
True
Is 32221 a composite number?
True
Is 2231941 composite?
False
Is 17567 a prime number?
False
Is 155579 a prime number?
True
Is 328247 prime?
False
Is 91671 prime?
False
Is 2761 a prime number?
False
Is 35545 prime?
False
Is 925789 composite?
False
Is 15545 a prime number?
False
Is 1469093 prime?
False
Is 1711 composite?
True
Is 56963 prime?
True
Is 289727 a composite number?
False
Is 22961 a prime number?
True
Is 2651 a composite number?
True
Is 51269 a composite number?
True
Is 56177 composite?
True
Is 4717 composite?
True
Is 66391 composite?
True
Is 82993 composite?
True
Is 494465 a composite number?
True
Is 148529 a composite number?
True
Is 74131 composite?
False
Is 47759 prime?
False
Is 126407 composite?
True
Is 434981 prime?
True
Is 71627 a composite number?
True
Is 48967 prime?
False
Is 4709 composite?
True
Is 510529 prime?
True
Is 1334233 a prime number?
True
Is 886 composite?
True
Is 30829 composite?
False
Is 2095 prime?
False
Is 415697 composite?
False
Is 2503 prime?
True
Is 40997 a composite number?
True
Is 4127 a prime number?
True
Is 79 prime?
True
Is 4987 prime?
True
Is 23089 prime?
False
Is 265193 prime?
True
Is 96907 prime?
True
Is 5033 a prime number?
False
Is 527097 composite?
True
Is 9467 a prime number?
True
Is 615599 composite?
False
Is 2749 composite?
False
Is 24929 prime?
False
Is 6245 a composite number?
True
Is 6499 a prime number?
False
Is 12729 a composite number?
True
Is 119005 a prime number?
False
Is 9161195 a composite number?
True
Is 340369 prime?
True
Is 377331 a prime number?
False
Is 83137 a composite number?
False
Is 17231 prime?
True
Is 50329 prime?
True
Is 17521 prime?
False
Is 233179 a composite number?
True
Is 74147 prime?
False
Is 18181 a composite number?
False
Is 28257 composite?